{"id":20,"date":"2019-03-12T17:00:52","date_gmt":"2019-03-12T17:00:52","guid":{"rendered":"https:\/\/wfxgroup.com.ar\/hosting-mailing\/producto\/import-placeholder-for-47\/"},"modified":"2020-04-20T02:36:05","modified_gmt":"2020-04-20T02:36:05","slug":"servicio-de-mailing-masivo","status":"publish","type":"product","link":"https:\/\/wfxgroup.com.ar\/hosting-mailing\/producto\/servicio-de-mailing-masivo\/","title":{"rendered":"Servicio de Mailing Masivo"},"content":{"rendered":"<p><strong>PODEROSO EDITOR DRAG&amp;DROP<br \/>\n<\/strong>La forma m\u00e1s simple e intuitiva de dise\u00f1ar y crear tus emails.<br \/>\nArrastra y suelta textos, im\u00e1genes, columnas, botones y otros componentes, para obtener un email de calidad profesional sin tocar una sola l\u00ednea de c\u00f3digo HTML<\/p>\n<p><b>M\u00c1S DE 250 PLANTILLAS PREDISE\u00d1ADAS<br \/>\n<\/b>Aprovecha los dise\u00f1os m\u00e1s vistosos que ponemos a tu disposici\u00f3n para armar tus emails promocionales o newsletters en minutos.<br \/>\nLos templates fueron creados por profesionales, aplicando las mejores pr\u00e1cticas para que tus emails luzcan espectaculares en todos los clientes de correo.<\/p>\n<p><b>PERSONALIZACI\u00d3N SIMPLIFICADA<br \/>\n<\/b>Gracias a las Etiquetas de Personalizaci\u00f3n lograr\u00e1s una mayor cercan\u00eda con tus suscriptores, llam\u00e1ndolos por su nombre y mostr\u00e1ndoles cuanto los conoces.<br \/>\nUtiliza la informaci\u00f3n de tus contactos en el asunto o el cuerpo del email. Tu agregas las Etiqueta al crear la campa\u00f1a y nosotros nos encargamos de que cada email sea \u00fanico!<\/p>\n<p><b>EDICI\u00d3N EN MODO EXPERTO<br \/>\n<\/b>\u00bfPrefieres programar antes que arrastrar y soltar? \u00bfconoces los trucos para maquetar emails? \u00bfte fascina el HTML y el CSS? Perfecto..! a nosotros tambi\u00e9n y por eso creamos para ti un potente editor de c\u00f3digo HTML.<br \/>\nPuedes utilizarlo para programar tus piezas desde cero o simplemente modificarlas para corregir los \u00faltimos detalles.<\/p>\n<p><b>IMPORTACI\u00d3N DE CONTACTOS<br \/>\n<\/b>Importa tus contactos desde un archivo .CSV o directamente desde tu cuenta de Yahoo o Gmail. Tambi\u00e9n podr\u00e1s crear nuevas listas a partir del comportamiento de los suscriptores en las distintas campa\u00f1as que env\u00edes.<br \/>\nDesp\u00eddete de los mails inv\u00e1lidos y duplicados, EnvialoSimple los descartar\u00e1 autom\u00e1ticamente durante la importaci\u00f3n.<\/p>\n<p><b>AMPL\u00cdA TU ALCANCE<br \/>\n<\/b>En minutos y con algunos clicks podr\u00e1s crear formularios de suscripci\u00f3n y publicarlos en tu sitio web o p\u00e1gina de Facebook. Esto ser\u00e1 de gran ayuda para hacer crecer tus bases de contactos.<br \/>\nNo necesitas programar absolutamente nada y en forma simple e intuitiva puedes adaptar a tu necesidad, los colores y el dise\u00f1o del formulario.<\/p>\n<p><b>SEGMENTACI\u00d3N DE LISTAS<br \/>\n<\/b>Apunta al p\u00fablico objetivo de tus campa\u00f1as con la precisi\u00f3n de un L\u00e1ser. Crea segmentos aplicando distintos criterios de filtrado a tus listas y env\u00eda campa\u00f1as a grupos de contactos determinados.<br \/>\nCon la segmentaci\u00f3n puedes hacer cosas como: invitar a un evento a suscriptores de una determinada ciudad, regalar un cup\u00f3n a quienes que abren tus emails con mayor frecuencia, o incluso segmentar tus contactos por fecha de suscripci\u00f3n para enviarles un email de bienvenida.<\/p>\n<p><b>ENVIALO CUANDO TU PREFIERAS<br \/>\n<\/b>Tu decides cuando enviar tus campa\u00f1as. Env\u00edalas en el acto o programa en qu\u00e9 d\u00eda, hora y minuto deseas que comiencen a enviarse.<br \/>\nLa vista en Modo Calendario te ser\u00e1 de gran ayuda para visualizar campa\u00f1as ya enviadas y programar nuevas a futuro con s\u00f3lo un click.<\/p>\n<p><b>EXTIENDE TU ALCANCE<br \/>\n<\/b>Aprovecha el poder viralizador de las redes sociales para ampliar la llegada de tus campa\u00f1as de email marketing. Comp\u00e1rtelas en tus perfiles de Facebook, Twitter, Google+ o LinkedIn con s\u00f3lo un click, y con la misma simpleza a\u00f1ade a tus emails los botones sociales para que tus suscriptores compartan los contenidos con sus amigos, colegas, familiares y seguidores.<\/p>\n<p><b>COMPLETOS REPORTES EN TIEMPO REAL<br \/>\n<\/b>Con EnvialoSimple podr\u00e1s conocer qui\u00e9nes, cu\u00e1ndo y d\u00f3nde abrieron tus emails. Tambi\u00e9n conocer\u00e1s en que links o botones hicieron clicks y que suscriptores lo compartieron. Todo al instante y con gran nivel de detalles.<br \/>\nLa informaci\u00f3n ser\u00e1 clave para optimizar tus pr\u00f3ximas campa\u00f1as y lograr cada vez mejores resultados.<\/p>\n<p><b>ZONAS CALIENTES<br \/>\n<\/b>Descubre cuales son los contenidos que m\u00e1s inter\u00e9s despiertan, qu\u00e9 colores funcionan mejor y que llamados a la acci\u00f3n son m\u00e1s efectivos. El Mapa de clicks te brinda valiosa informaci\u00f3n para incrementar la eficacia de tus emails.<\/p>\n<p><b>ESTAD\u00cdSTICAS GEOLOCALIZADAS<br \/>\n<\/b>Descubre en qu\u00e9 momento y desde qu\u00e9 lugar del mundo tus suscriptores abrieron las campa\u00f1as. Identif\u00edcalos y mejora el alcance, optimizando las listas en funci\u00f3n de su ubicaci\u00f3n geogr\u00e1fica.<\/p>\n<p><b>INTEGRACI\u00d3N CON GOOGLE ANALYTICS\u00ae<br \/>\n<\/b>EnvialoSimple se integra en forma autom\u00e1tica con una de las herramientas de estad\u00edsticas para sitios web m\u00e1s utilizada, permiti\u00e9ndote conocer m\u00e1s sobre las actividades que tus suscriptores realizan en el sitio web, luego de hacer click en tus emails.<\/p>\n<p><b>ANAL\u00cdTICA AVANZADA<br \/>\n<\/b>M\u00e1s all\u00e1 de las aperturas y clicks, tendr\u00e1s acceso a detallada y valiosa informaci\u00f3n sobre los resultados de tus campa\u00f1as y la actividad de tus suscriptores.<br \/>\nReenv\u00edos, ubicaci\u00f3n, cliente de correo, fecha, hora, rebotes, suscripciones y desuscripciones, son algunos de los datos con los que contar\u00e1s para optimizar tu email marketing.<\/p>\n<p><b>REPORTES PARA COMPARTIR<br \/>\n<\/b>Si necesitas presentar los resultados de una campa\u00f1a a tu jefe, cliente o compa\u00f1ero de trabajo, podr\u00e1s compartir los reportes de forma muy simple y sin necesidad de brindarles el acceso a tu cuenta.<br \/>\nSi se trata de una agencia u ofreces servicios de email marketing a tus clientes, puedes compartirlos con tu propia marca.<\/p>\n","protected":false},"excerpt":{"rendered":"<p>PODEROSO EDITOR DRAG&amp;DROP La forma m\u00e1s simple e intuitiva de dise\u00f1ar y crear tus emails. Arrastra y suelta textos, im\u00e1genes, columnas, botones y otros componentes, para obtener un email de calidad profesional sin tocar una sola l\u00ednea de c\u00f3digo HTML M\u00c1S DE 250 PLANTILLAS PREDISE\u00d1ADAS Aprovecha los dise\u00f1os m\u00e1s vistosos que ponemos a tu disposici\u00f3n [&hellip;]<\/p>\n","protected":false},"featured_media":34,"comment_status":"closed","ping_status":"closed","template":"","meta":{"jetpack_post_was_ever_published":false,"jetpack_publicize_message":"","jetpack_publicize_feature_enabled":true,"jetpack_social_post_already_shared":true,"jetpack_social_options":{"image_generator_settings":{"template":"highway","default_image_id":0,"font":"","enabled":false},"version":2}},"product_brand":[],"product_cat":[22],"product_tag":[],"class_list":{"0":"post-20","1":"product","2":"type-product","3":"status-publish","4":"has-post-thumbnail","6":"product_cat-mailing","8":"first","9":"outofstock","10":"shipping-taxable","11":"product-type-variable"},"yoast_head":"<!-- This site is optimized with the Yoast SEO plugin v27.5 - https:\/\/yoast.com\/product\/yoast-seo-wordpress\/ -->\n<title>Servicio de Mailing Masivo - WfxGroup<\/title>\n<meta name=\"robots\" content=\"index, follow, max-snippet:-1, max-image-preview:large, max-video-preview:-1\" \/>\n<link rel=\"canonical\" href=\"https:\/\/wfxgroup.com.ar\/hosting-mailing\/producto\/servicio-de-mailing-masivo\/\" \/>\n<meta property=\"og:locale\" content=\"es_ES\" \/>\n<meta property=\"og:type\" content=\"article\" \/>\n<meta property=\"og:title\" content=\"Servicio de Mailing Masivo - WfxGroup\" \/>\n<meta property=\"og:description\" content=\"PODEROSO EDITOR DRAG&amp;DROP La forma m\u00e1s simple e intuitiva de dise\u00f1ar y crear tus emails. Arrastra y suelta textos, im\u00e1genes, columnas, botones y otros componentes, para obtener un email de calidad profesional sin tocar una sola l\u00ednea de c\u00f3digo HTML M\u00c1S DE 250 PLANTILLAS PREDISE\u00d1ADAS Aprovecha los dise\u00f1os m\u00e1s vistosos que ponemos a tu disposici\u00f3n [&hellip;]\" \/>\n<meta property=\"og:url\" content=\"https:\/\/wfxgroup.com.ar\/hosting-mailing\/producto\/servicio-de-mailing-masivo\/\" \/>\n<meta property=\"og:site_name\" content=\"WfxGroup\" \/>\n<meta property=\"article:modified_time\" content=\"2020-04-20T02:36:05+00:00\" \/>\n<meta property=\"og:image\" content=\"https:\/\/wfxgroup.com.ar\/hosting-mailing\/wp-content\/uploads\/2019\/03\/descarga3.jpg\" \/>\n\t<meta property=\"og:image:width\" content=\"938\" \/>\n\t<meta property=\"og:image:height\" content=\"625\" \/>\n\t<meta property=\"og:image:type\" content=\"image\/jpeg\" \/>\n<meta name=\"twitter:card\" content=\"summary_large_image\" \/>\n<meta name=\"twitter:label1\" content=\"Tiempo de lectura\" \/>\n\t<meta name=\"twitter:data1\" content=\"4 minutos\" \/>\n<script type=\"application\/ld+json\" class=\"yoast-schema-graph\">{\"@context\":\"https:\\\/\\\/schema.org\",\"@graph\":[{\"@type\":\"WebPage\",\"@id\":\"https:\\\/\\\/wfxgroup.com.ar\\\/hosting-mailing\\\/producto\\\/servicio-de-mailing-masivo\\\/\",\"url\":\"https:\\\/\\\/wfxgroup.com.ar\\\/hosting-mailing\\\/producto\\\/servicio-de-mailing-masivo\\\/\",\"name\":\"Servicio de Mailing Masivo - WfxGroup\",\"isPartOf\":{\"@id\":\"https:\\\/\\\/wfxgroup.com.ar\\\/hosting-mailing\\\/#website\"},\"primaryImageOfPage\":{\"@id\":\"https:\\\/\\\/wfxgroup.com.ar\\\/hosting-mailing\\\/producto\\\/servicio-de-mailing-masivo\\\/#primaryimage\"},\"image\":{\"@id\":\"https:\\\/\\\/wfxgroup.com.ar\\\/hosting-mailing\\\/producto\\\/servicio-de-mailing-masivo\\\/#primaryimage\"},\"thumbnailUrl\":\"https:\\\/\\\/wfxgroup.com.ar\\\/hosting-mailing\\\/wp-content\\\/uploads\\\/2019\\\/03\\\/descarga3.jpg\",\"datePublished\":\"2019-03-12T17:00:52+00:00\",\"dateModified\":\"2020-04-20T02:36:05+00:00\",\"breadcrumb\":{\"@id\":\"https:\\\/\\\/wfxgroup.com.ar\\\/hosting-mailing\\\/producto\\\/servicio-de-mailing-masivo\\\/#breadcrumb\"},\"inLanguage\":\"es\",\"potentialAction\":[{\"@type\":\"ReadAction\",\"target\":[\"https:\\\/\\\/wfxgroup.com.ar\\\/hosting-mailing\\\/producto\\\/servicio-de-mailing-masivo\\\/\"]}]},{\"@type\":\"ImageObject\",\"inLanguage\":\"es\",\"@id\":\"https:\\\/\\\/wfxgroup.com.ar\\\/hosting-mailing\\\/producto\\\/servicio-de-mailing-masivo\\\/#primaryimage\",\"url\":\"https:\\\/\\\/wfxgroup.com.ar\\\/hosting-mailing\\\/wp-content\\\/uploads\\\/2019\\\/03\\\/descarga3.jpg\",\"contentUrl\":\"https:\\\/\\\/wfxgroup.com.ar\\\/hosting-mailing\\\/wp-content\\\/uploads\\\/2019\\\/03\\\/descarga3.jpg\",\"width\":938,\"height\":625},{\"@type\":\"BreadcrumbList\",\"@id\":\"https:\\\/\\\/wfxgroup.com.ar\\\/hosting-mailing\\\/producto\\\/servicio-de-mailing-masivo\\\/#breadcrumb\",\"itemListElement\":[{\"@type\":\"ListItem\",\"position\":1,\"name\":\"Portada\",\"item\":\"https:\\\/\\\/wfxgroup.com.ar\\\/hosting-mailing\\\/\"},{\"@type\":\"ListItem\",\"position\":2,\"name\":\"Tienda\",\"item\":\"https:\\\/\\\/wfxgroup.com.ar\\\/hosting-mailing\\\/tienda\\\/\"},{\"@type\":\"ListItem\",\"position\":3,\"name\":\"Servicio de Mailing Masivo\"}]},{\"@type\":\"WebSite\",\"@id\":\"https:\\\/\\\/wfxgroup.com.ar\\\/hosting-mailing\\\/#website\",\"url\":\"https:\\\/\\\/wfxgroup.com.ar\\\/hosting-mailing\\\/\",\"name\":\"WfxGroup\",\"description\":\"Desarrollos Web a medida\",\"potentialAction\":[{\"@type\":\"SearchAction\",\"target\":{\"@type\":\"EntryPoint\",\"urlTemplate\":\"https:\\\/\\\/wfxgroup.com.ar\\\/hosting-mailing\\\/?s={search_term_string}\"},\"query-input\":{\"@type\":\"PropertyValueSpecification\",\"valueRequired\":true,\"valueName\":\"search_term_string\"}}],\"inLanguage\":\"es\"}]}<\/script>\n<!-- \/ Yoast SEO plugin. -->","yoast_head_json":{"title":"Servicio de Mailing Masivo - WfxGroup","robots":{"index":"index","follow":"follow","max-snippet":"max-snippet:-1","max-image-preview":"max-image-preview:large","max-video-preview":"max-video-preview:-1"},"canonical":"https:\/\/wfxgroup.com.ar\/hosting-mailing\/producto\/servicio-de-mailing-masivo\/","og_locale":"es_ES","og_type":"article","og_title":"Servicio de Mailing Masivo - WfxGroup","og_description":"PODEROSO EDITOR DRAG&amp;DROP La forma m\u00e1s simple e intuitiva de dise\u00f1ar y crear tus emails. Arrastra y suelta textos, im\u00e1genes, columnas, botones y otros componentes, para obtener un email de calidad profesional sin tocar una sola l\u00ednea de c\u00f3digo HTML M\u00c1S DE 250 PLANTILLAS PREDISE\u00d1ADAS Aprovecha los dise\u00f1os m\u00e1s vistosos que ponemos a tu disposici\u00f3n [&hellip;]","og_url":"https:\/\/wfxgroup.com.ar\/hosting-mailing\/producto\/servicio-de-mailing-masivo\/","og_site_name":"WfxGroup","article_modified_time":"2020-04-20T02:36:05+00:00","og_image":[{"width":938,"height":625,"url":"https:\/\/wfxgroup.com.ar\/hosting-mailing\/wp-content\/uploads\/2019\/03\/descarga3.jpg","type":"image\/jpeg"}],"twitter_card":"summary_large_image","twitter_misc":{"Tiempo de lectura":"4 minutos"},"schema":{"@context":"https:\/\/schema.org","@graph":[{"@type":"WebPage","@id":"https:\/\/wfxgroup.com.ar\/hosting-mailing\/producto\/servicio-de-mailing-masivo\/","url":"https:\/\/wfxgroup.com.ar\/hosting-mailing\/producto\/servicio-de-mailing-masivo\/","name":"Servicio de Mailing Masivo - WfxGroup","isPartOf":{"@id":"https:\/\/wfxgroup.com.ar\/hosting-mailing\/#website"},"primaryImageOfPage":{"@id":"https:\/\/wfxgroup.com.ar\/hosting-mailing\/producto\/servicio-de-mailing-masivo\/#primaryimage"},"image":{"@id":"https:\/\/wfxgroup.com.ar\/hosting-mailing\/producto\/servicio-de-mailing-masivo\/#primaryimage"},"thumbnailUrl":"https:\/\/wfxgroup.com.ar\/hosting-mailing\/wp-content\/uploads\/2019\/03\/descarga3.jpg","datePublished":"2019-03-12T17:00:52+00:00","dateModified":"2020-04-20T02:36:05+00:00","breadcrumb":{"@id":"https:\/\/wfxgroup.com.ar\/hosting-mailing\/producto\/servicio-de-mailing-masivo\/#breadcrumb"},"inLanguage":"es","potentialAction":[{"@type":"ReadAction","target":["https:\/\/wfxgroup.com.ar\/hosting-mailing\/producto\/servicio-de-mailing-masivo\/"]}]},{"@type":"ImageObject","inLanguage":"es","@id":"https:\/\/wfxgroup.com.ar\/hosting-mailing\/producto\/servicio-de-mailing-masivo\/#primaryimage","url":"https:\/\/wfxgroup.com.ar\/hosting-mailing\/wp-content\/uploads\/2019\/03\/descarga3.jpg","contentUrl":"https:\/\/wfxgroup.com.ar\/hosting-mailing\/wp-content\/uploads\/2019\/03\/descarga3.jpg","width":938,"height":625},{"@type":"BreadcrumbList","@id":"https:\/\/wfxgroup.com.ar\/hosting-mailing\/producto\/servicio-de-mailing-masivo\/#breadcrumb","itemListElement":[{"@type":"ListItem","position":1,"name":"Portada","item":"https:\/\/wfxgroup.com.ar\/hosting-mailing\/"},{"@type":"ListItem","position":2,"name":"Tienda","item":"https:\/\/wfxgroup.com.ar\/hosting-mailing\/tienda\/"},{"@type":"ListItem","position":3,"name":"Servicio de Mailing Masivo"}]},{"@type":"WebSite","@id":"https:\/\/wfxgroup.com.ar\/hosting-mailing\/#website","url":"https:\/\/wfxgroup.com.ar\/hosting-mailing\/","name":"WfxGroup","description":"Desarrollos Web a medida","potentialAction":[{"@type":"SearchAction","target":{"@type":"EntryPoint","urlTemplate":"https:\/\/wfxgroup.com.ar\/hosting-mailing\/?s={search_term_string}"},"query-input":{"@type":"PropertyValueSpecification","valueRequired":true,"valueName":"search_term_string"}}],"inLanguage":"es"}]}},"jetpack_publicize_connections":[],"jetpack_sharing_enabled":true,"_links":{"self":[{"href":"https:\/\/wfxgroup.com.ar\/hosting-mailing\/wp-json\/wp\/v2\/product\/20","targetHints":{"allow":["GET"]}}],"collection":[{"href":"https:\/\/wfxgroup.com.ar\/hosting-mailing\/wp-json\/wp\/v2\/product"}],"about":[{"href":"https:\/\/wfxgroup.com.ar\/hosting-mailing\/wp-json\/wp\/v2\/types\/product"}],"replies":[{"embeddable":true,"href":"https:\/\/wfxgroup.com.ar\/hosting-mailing\/wp-json\/wp\/v2\/comments?post=20"}],"wp:featuredmedia":[{"embeddable":true,"href":"https:\/\/wfxgroup.com.ar\/hosting-mailing\/wp-json\/wp\/v2\/media\/34"}],"wp:attachment":[{"href":"https:\/\/wfxgroup.com.ar\/hosting-mailing\/wp-json\/wp\/v2\/media?parent=20"}],"wp:term":[{"taxonomy":"product_brand","embeddable":true,"href":"https:\/\/wfxgroup.com.ar\/hosting-mailing\/wp-json\/wp\/v2\/product_brand?post=20"},{"taxonomy":"product_cat","embeddable":true,"href":"https:\/\/wfxgroup.com.ar\/hosting-mailing\/wp-json\/wp\/v2\/product_cat?post=20"},{"taxonomy":"product_tag","embeddable":true,"href":"https:\/\/wfxgroup.com.ar\/hosting-mailing\/wp-json\/wp\/v2\/product_tag?post=20"}],"curies":[{"name":"wp","href":"https:\/\/api.w.org\/{rel}","templated":true}]}}